 w(4).
2, 11
Let n(y) = y - 1. Let w be 15/10 + (-2)/4. Let j(i) = -5*i - 8. Let k(h) = w*j(h) - 5*n(h). List the prime factors of k(-2).
17
Let m be (0 + -1)*(-4)/4. What are the prime factors of (m - 19)*4/(-8)?
3
Suppose 5*j + 6*q - 30 = 3*q, 2*q + 2 = 4*j. Suppose -4*p = -j*z + 14, 5*z - 4 = p + 8. List the prime factors of z.
2
Suppose -11 = 3*q - 128. Let i = q + -27. Suppose -i + 0 = -2*s. What are the prime factors of s?
2, 3
Let q be (3/(-3) - -1) + 96. Suppose 2*i + 16 = q. Let p = i - 29. What are the prime factors of p?
11
Let z = 51 + 41. What are the prime factors of z?
2, 23
Suppose 5*o - o - 28 = 0. Suppose 2*z = o*z - 15. Suppose 4 = 4*p + 5*w, -5*p + z*w - 21 + 63 = 0. What are the prime factors of p?
2, 3
Let m(s) = 5*s**2 - 6. List the prime factors of m(5).
7, 17
Let j = 3 - 9. Let d be (-152)/j + 2/3. Let q = d - 14. What are the prime factors of q?
2, 3
Let s = 0 - 2. Let w be 1 + (2 + s)*-1. Suppose -3 - w = -m. List the prime factors of m.
2
Suppose 0 = -2*g - 3*n + 97, 0 = -4*g + 3*n + 19 + 130. List the prime factors of g.
41
Suppose 0 = -5*g - 5*r - 45, -4*r - 8 - 4 = 2*g. Let z = g - -22. List the prime factors of z.
2, 5
Let b(a) be the second derivative of -a**4/12 + a**3 - 3*a**2/2 + 3*a. Let n be b(5). Suppose 6*j - j - 6 = -s, n*s - 12 = 2*j. What are the prime factors of s?
2, 3
Suppose 2*r + q + 11 = 3*r, r + 3*q - 7 = 0. List the prime factors of 64/r - 12/30.
2, 3
Let c(h) be the second derivative of 5*h**3/2 + 3*h**2/2 + 3*h. Let r be c(4). Suppose -5*f + r = 4*l + 13, l + 61 = 4*f. List the prime factors of f.
2, 7
Suppose 2*n - z + 37 = 111, 4*n = -3*z + 158. List the prime factors of n.
2, 19
Let t = 1 + -1. Suppose -5*n - b + 6*b + 10 = t, -n + 4*b - 13 = 0. What are the prime factors of n?
7
Suppose 403 = 5*z - 262. List the prime factors of z.
7, 19
Let u = -15 + 25. Suppose -2*k + u = 3*i, 0 = 3*k + 3*i - 15. Suppose h - 3*h = 2*w - 14, h - 51 = -k*w. What are the prime factors of w?
11
Suppose 3*z = 18 - 6. Suppose 2*p - 4*p = z*r + 10, r - 1 = 3*p. Let q = p - -10. List the prime factors of q.
3
Suppose -5*j - 10 = -4*y - 3*j, -5*y = -j - 14. What are the prime factors of (-1)/2*-26 + y?
2
Suppose -5*r + 2*r = -126. What are the prime factors of r?
2, 3, 7
Let p(r) = -r**3 + 8*r**2 + 4*r + 11. What are the prime factors of p(8)?
43
Suppose c + 0*f - 3*f = 21, -3*c + 63 = -f. What are the prime factors of c?
3, 7
List the prime factors of 8 - (-3 + 2)*2.
2, 5
Let c be 0/(-1 + 2 - 0). Let s be 1/(c + (-3)/(-6)). Suppose 2*r + 2*r = s*q + 20, -2*r - 2*q = -22. List the prime factors of r.
7
Let v(s) be the first derivative of -s**2 - 2*s + 4. List the prime factors of v(-5).
2
Let i(c) = c**3 + 2*c**2 + 2*c + 227. List the prime factors of i(0).
227
Let i be (-108)/(-30) + 4/10. What are the prime factors of 99/22*i/3?
2, 3
Let o(n) be the third derivative of -n**6/120 - n**5/12 + n**4/24 + n**3 - n**2. Let v be o(-6). Let h = v + -25. What are the prime factors of h?
11
Let s(w) = -w**3 + 4*w**2 - w. Let z be s(2). Let f be z*-1*(-6)/9. Let u(o) = o**2 - o + 4. List the prime factors of u(f).
2
Let w(q) = -9*q - 3. Let p be w(-2). List the prime factors of p - -8 - 0/2.
23
Suppose -4*h = -3*h - 22. What are the prime factors of h?
2, 11
Let x(a) = -a**3 + 6*a**2 + a. List the prime factors of x(6).
2, 3
Let z = -1 - -3. Suppose 2*s + 0*s + h = 39, -3*h + 33 = z*s. Let u = s + -14. List the prime factors of u.
7
Let n(x) = -x + 8. What are the prime factors of n(-3)?
11
Suppose 0 = 8*n - 13*n + 110. Let g = -11 + n. List the prime factors of g.
11
Let g be (-3)/((-9)/6) + -284. Let s be 2/(-7) + g/(-7). Suppose 5*x - 5*n - s = 0, 3*x = x - n + 16. List the prime factors of x.
2
Let s be (42 - (-3 + 2)) + 0. Let o be (-16)/4 - (28 - 4). Let b = s + o. What are the prime factors of b?
3, 5
Let i = 19 + 237. What are the prime factors of i?
2
Let p = 23 + -13. Let o = 1 + p. What are the prime factors of o?
11
Let x(y) = y + 4. Let c = 7 + 0. List the prime factors of x(c).
11
Let u be -3*((-20)/3)/(-5). Let w = u - -7. Suppose 2*o + 0*f + w*f - 18 = 0, -4*o = -4*f - 36. List the prime factors of o.
3
Let o = 122 + -77. Suppose 4*j - j = o. What are the prime factors of j?
3, 5
Let w be ((-20)/8)/(2/(-4)). Let s be 6/2 + w/5. Suppose 2*p = 4*m + 38, -s*p + 2*m + 41 = -p. What are the prime factors of p?
11
Suppose -m + 72 = 3*j, j + 2*m = -m + 24. What are the prime factors of j?
2, 3
Suppose -5 + 0 = i. Let o(q) = -q**3 - 5*q**2 + q + 7. List the prime factors of o(i).
2
Let w = 6 - 4. What are the prime factors of w?
2
Suppose -3 = -p, 88 - 18 = 2*b - 4*p. Let d = -21 + b. Suppose d = -o + 3*o. What are the prime factors of o?
2, 5
Suppose -3*j + 9*a = 4*a - 47, -j + a = -15. Suppose 0*c + 2*c + j = 0. Let g = c + 17. List the prime factors of g.
2, 5
Suppose 0 = 5*w + 10, 2*w + 4 = -5*y - 0*w. What are the prime factors of 0 + 1 + 2 + y?
3
Let p = -36 - -24. List the prime factors of (-75)/2*p/18.
5
Let y = 2 + 12. List the prime factors of y/(-77) + (-189)/(-11).
17
Let f(x) = -5*x + 3. Let d be f(-5). Suppose -l = 2*j - d, 0 = -4*j + 5*l + 23 + 5. List the prime factors of j.
2, 3
Suppose 0*u - 2*u = -20. Suppose 2*c + 6 = -2*m - u, -3*m + 3*c = 6. Let x(h) = -h**3 - 5*h**2 - 4*h - 6. What are the prime factors of x(m)?
2, 7
Let n(v) be the third derivative of -v**5/60 - 7*v**4/24 + 7*v**3/6 - 3*v**2. List the prime factors of n(-6).
13
Let d = 3 + 2. Suppose -d*u + 7 = 22. Let b = 5 + u. List the prime factors of b.
2
Suppose -2*x = -4*x + 8. Suppose -x*m = -3 - 9. List the prime factors of m.
3
Let o = 4 + 26. Let a = o + 9. List the prime factors of a.
3, 13
Let o = 22 - -14. List the prime factors of o.
2, 3
Let z be (-6)/9*9/(-2). Suppose z = -h + 5. List the prime factors of h.
2
Let p(h) = -5*h**3 + 3*h**2 - 8*h - 7. Let m(g) = 14*g**3 - 10*g**2 + 23*g + 21. Let j(t) = -4*m(t) - 11*p(t). List the prime factors of j(6).
5
Let w = -59 + 152. List the prime factors of w.
3, 31
Suppose 0 = -x - x + 4. Suppose -j = 2*h - 7, 0 = x*h + 3*j - 2 - 3. List the prime factors of h.
2
Let u(z) be the first derivative of -z**4/4 - 2*z**3 - 3*z**2 + 3*z + 1. Let d be 45/(-10) + (-1)/2. What are the prime factors of u(d)?
2
Suppose -3*w + 104 + 19 = 0. What are the prime factors of w?
41
Suppose 4*i - 197 = -3*b, 2*i + 5*b = 2*b + 97. List the prime factors of i.
2, 5
Let r be 5*(0 + 7 + -2). Suppose 5*g = -r, 0 - 23 = -4*l - g. List the prime factors of l.
7
Let d(q) = -q**2 + 7*q + 8. Let o be d(6). List the prime factors of (7/o)/(2/68).
17
Let k = 17 + -161. What are the prime factors of 4/10 - k/15?
2, 5
Let h(n) = -n**2 - 9*n - 4. Let q be h(-8). Suppose 0 = -q*v + 2*v + 8. List the prime factors of v.
2
Let k(a) = a**2 - 13*a + 17. Let b be k(12). Suppose 26 = b*f + j, 4*j - 19 = -3*f - 0*j. What are the prime factors of f?
5
List the prime factors of (-1 + 0)*1*-11.
11
Suppose 2*h = -q + 6*h + 94, 0 = -2*q - 4*h + 188. List the prime factors of q.
2, 47
Let f(m) = -m**3 - m**2 + 61. What are the prime factors of f(0)?
61
Let r = 4 + 1. Suppose r*t - 40 = -0*t. What are the prime factors of t?
2
Let l = -14 + 23. Suppose -2*v + v - 6 = 0. Let b = v + l. List the prime factors of b.
3
Let k be 3/(3/(-4)) + 3. What are the prime factors of k/((-4)/(-32)*-1)?
2
Let n(h) = 9*h + 7. Let j(d) = -d - 1. Let c(s) = 40*j(s) + 5*n(s). Let g be c(5). Suppose 2*y + 29 + 21 = 5*m, -2*m + g = -y. What are the prime factors of m?
2, 5
Let x(u) be the first derivative of u**2/2 + 7*u - 2. Let b be x(-5). Suppose -1 = b*a - 13. List the prime factors of a.
2, 3
List the prime factors of 0 - (-72)/(6 + -4).
2, 3
Suppose 1820 = 5*c + 5*c. List the prime factors of c.
2, 7, 13
Suppose 210 = 2*z + 3*m + m, -12 = -4*m. What are the prime factors of z?
3, 11
Let u = -4 + 17. Let z = u + 3. List the prime factors of z.
2
Suppose -i = -2 + 4. List the prime factors of ((-86)/3)/(i/3).
43
Let w(o) = -o**3 + o**2 - o + 135. List the prime factors of w(0).
3, 5
Let n = -8 + 10. Let z = 6 + n. List the prime factors of z.
2
Let m(k) = -42*k - 1. What are the prime factors of m(-1)?
41
Let h(k) = 7*k + 2. Let b be h(-6). Suppose 3*y + 9 = -72. Let v = y - b. What are the prime factors of v?
13
Let a be -1*2*6/(-4). Let h be